{"id":818,"date":"2018-07-02T20:25:22","date_gmt":"2018-07-02T23:25:22","guid":{"rendered":"https:\/\/ensviale-ers.infd.edu.ar\/sitio\/actos\/"},"modified":"2022-03-31T18:38:27","modified_gmt":"2022-03-31T21:38:27","slug":"actos","status":"publish","type":"page","link":"https:\/\/ensviale-ers.infd.edu.ar\/sitio\/actos\/","title":{"rendered":"ACTOS"},"content":{"rendered":"<h1>ACTOS ESCOLARES 2022<\/h1>\n<blockquote class=\"wp-embedded-content\" data-secret=\"i7C8BiBmMS\"><p><a href=\"https:\/\/ensviale-ers.infd.edu.ar\/sitio\/24-de-marzo-dia-nacional-de-la-memoria-por-la-verdad-y-la-justicia\/\">24 de marzo D\u00eda Nacional de la Memoria, por la Verdad y la Justicia<\/a><\/p><\/blockquote>\n<p><iframe class=\"wp-embedded-content\" sandbox=\"allow-scripts\" security=\"restricted\" style=\"position: absolute; clip: rect(1px, 1px, 1px, 1px);\" title=\"\u00ab24 de marzo D\u00eda Nacional de la Memoria, por la Verdad y la Justicia\u00bb \u2014 &quot;Escuela Normal Superior Victorino Viale&quot;\" src=\"https:\/\/ensviale-ers.infd.edu.ar\/sitio\/24-de-marzo-dia-nacional-de-la-memoria-por-la-verdad-y-la-justicia\/embed\/#?secret=i7C8BiBmMS\" data-secret=\"i7C8BiBmMS\" width=\"600\" height=\"338\" frameborder=\"0\" marginwidth=\"0\" marginheight=\"0\" scrolling=\"no\"><\/iframe><\/p>\n<h1><\/h1>\n<h1>ACTOS ESCOLARES 2021<\/h1>\n<p><iframe loading=\"lazy\" title=\"Dia de la Bandera - Ecuela Normal Superior Victorino Viale\" width=\"1200\" height=\"900\" src=\"https:\/\/www.youtube.com\/embed\/Rohuv7DBpaI?feature=oembed\" frameborder=\"0\" allow=\"accelerometer; autoplay; clipboard-write; encrypted-media; gyroscope; picture-in-picture\" allowfullscreen><\/iframe><\/p>\n<p><img decoding=\"async\" loading=\"lazy\" class=\"alignnone size-medium wp-image-4449\" src=\"https:\/\/ensviale-ers.infd.edu.ar\/sitio\/wp-content\/uploads\/2021\/06\/WhatsApp-Image-2021-06-22-at-11.19.29-AM-711x1000.jpeg\" alt=\"\" width=\"711\" height=\"1000\" srcset=\"https:\/\/ensviale-ers.infd.edu.ar\/sitio\/wp-content\/uploads\/2021\/06\/WhatsApp-Image-2021-06-22-at-11.19.29-AM-711x1000.jpeg 711w, https:\/\/ensviale-ers.infd.edu.ar\/sitio\/wp-content\/uploads\/2021\/06\/WhatsApp-Image-2021-06-22-at-11.19.29-AM.jpeg 720w\" sizes=\"(max-width: 711px) 100vw, 711px\" \/><\/p>\n<p>20 de junio:<\/p>\n<p>En este d\u00eda se honra al creador de la Bandera Nacional, Manuel\u00a0 Belgrano, quien el 20 de junio de 1820, en Buenos Aires paso a la inmortalidad. La bandera fue creada el 27 de febrero de 1812 durante la gesta por la independencia de las Provincias Unidas del Rio de la Plata, fue aqu\u00ed cuando Belgrano, sin una orden previa, creo en las cercan\u00edas de Rosario una bandera con una franja celeste y otra blanca que se convirti\u00f3 luego en lo que es la Bandera Nacional.<\/p>\n<p>Belgrano fue uno de los notables economistas Argentinos, precursor del periodismo nacional, impulsor de la educaci\u00f3n Popular, entre otras, fue una de las figuras m\u00e1s destacadas del proceso hist\u00f3rico que se inicio con la Revoluci\u00f3n de Mayo, fue abogado, pol\u00edtico, militar, propulsor de proyectos econ\u00f3micos.<\/p>\n<p>En sus ideas y en sus escritos fomento la consideraci\u00f3n de la agricultura como una generadora de riqueza para un futuro pa\u00eds. Consideraba que tra\u00eda consigo la civilizaci\u00f3n, la cultura del trabajo, el amor a la tierra, el concepto de propiedad y el crecimiento econ\u00f3mico.<\/p>\n<p>A continuaci\u00f3n una frase de Manuel Belgrano: \u201cno busco gloria sino la vida de los americanos y la prosperidad de la patria\u201d.<\/p>\n<p>Palabras Alusivas: alumnos de primero y segundo a\u00f1o de Educaci\u00f3n Primaria.<\/p>\n<p>INTEGRANTES: Albornoz Rocio, Barisnaga Agustina , Comas Tania, Geist\u00a0 Lujan, Gillig Yanina, Goodfred Johana, Goodfred Laureana, Noguera Dana,Noguera Lorena, Nu\u00f1ez Milagros, Ormaechea Karen, Ulrich Leonela, Vera\u00a0 Yamila.<\/p>\n<p><iframe loading=\"lazy\" width=\"1200\" height=\"900\" src=\"https:\/\/www.youtube.com\/embed\/KIKfMRvHRhg?feature=oembed\" frameborder=\"0\" allow=\"accelerometer; autoplay; clipboard-write; encrypted-media; gyroscope; picture-in-picture\" allowfullscreen><\/iframe><\/p>\n<p><img decoding=\"async\" loading=\"lazy\" class=\"alignnone size-medium wp-image-4450\" src=\"https:\/\/ensviale-ers.infd.edu.ar\/sitio\/wp-content\/uploads\/2021\/06\/WhatsApp-Image-2021-06-22-at-11.17.52-AM-1000x1000.jpeg\" alt=\"\" width=\"1000\" height=\"1000\" srcset=\"https:\/\/ensviale-ers.infd.edu.ar\/sitio\/wp-content\/uploads\/2021\/06\/WhatsApp-Image-2021-06-22-at-11.17.52-AM-1000x1000.jpeg 1000w, https:\/\/ensviale-ers.infd.edu.ar\/sitio\/wp-content\/uploads\/2021\/06\/WhatsApp-Image-2021-06-22-at-11.17.52-AM-500x500.jpeg 500w, https:\/\/ensviale-ers.infd.edu.ar\/sitio\/wp-content\/uploads\/2021\/06\/WhatsApp-Image-2021-06-22-at-11.17.52-AM-768x768.jpeg 768w, https:\/\/ensviale-ers.infd.edu.ar\/sitio\/wp-content\/uploads\/2021\/06\/WhatsApp-Image-2021-06-22-at-11.17.52-AM.jpeg 1080w\" sizes=\"(max-width: 1000px) 100vw, 1000px\" \/><\/p>\n<p>Hoy 19 de junio\u00a0se conmemora el\u00a0D\u00eda de la Bandera de Entre R\u00edos, en homenaje al nacimiento de su creador, Jos\u00e9 Gervasio Artigas. Esta fecha qued\u00f3 establecida por la ley 10220 sancionada en el a\u00f1o 2013 por la legislatura entrerriana.<\/p>\n<p>La bandera de la provincia de Entre R\u00edos es celeste y blanca con una franja roja desde la esquina superior izquierda a la inferior derecha. El rojo punz\u00f3 es el color tradicional del federalismo argentino, por lo que la banda refiere a la postura hist\u00f3ricamente federal de Entre R\u00edos.<br \/>\nDesde el a\u00f1o 1987 es la bandera oficial de la provincia de Entre R\u00edos.<\/p>\n<p>&#8212;&#8212;&#8212;&#8212;&#8212;&#8212;&#8212;&#8212;&#8212;&#8212;&#8212;&#8212;&#8212;&#8212;&#8212;&#8212;&#8212;&#8212;&#8212;&#8212;&#8212;&#8212;&#8212;&#8212;&#8212;&#8212;&#8212;&#8212;&#8212;&#8212;&#8212;&#8212;&#8212;&#8212;&#8212;&#8212;&#8212;&#8212;&#8212;&#8212;&#8212;&#8212;&#8212;&#8212;&#8212;&#8212;&#8212;&#8212;&#8212;&#8212;&#8212;&#8212;&#8212;&#8212;&#8212;&#8212;&#8212;-<\/p>\n<p><img decoding=\"async\" loading=\"lazy\" class=\"alignnone size-medium wp-image-4451\" src=\"https:\/\/ensviale-ers.infd.edu.ar\/sitio\/wp-content\/uploads\/2021\/06\/WhatsApp-Image-2021-06-22-at-11.17.25-AM.jpeg\" alt=\"\" width=\"720\" height=\"720\" srcset=\"https:\/\/ensviale-ers.infd.edu.ar\/sitio\/wp-content\/uploads\/2021\/06\/WhatsApp-Image-2021-06-22-at-11.17.25-AM.jpeg 720w, https:\/\/ensviale-ers.infd.edu.ar\/sitio\/wp-content\/uploads\/2021\/06\/WhatsApp-Image-2021-06-22-at-11.17.25-AM-500x500.jpeg 500w\" sizes=\"(max-width: 720px) 100vw, 720px\" \/><\/p>\n<h1>&#8212;&#8212;&#8212;&#8212;&#8212;&#8212;&#8212;&#8212;&#8212;&#8212;&#8212;&#8212;&#8212;&#8212;&#8212;&#8212;&#8212;&#8212;&#8212;&#8212;&#8212;&#8212;&#8212;&#8212;&#8212;&#8211;<\/h1>\n<h1>Actos 2019<\/h1>\n<h1><span style=\"color: #0000ff;\">Acto 25 de Mayo<\/span><\/h1>\n<p>El d\u00eda lunes 27 de mayo se realiz\u00f3 en la Instituci\u00f3n el Acto Escolar por el 25 de Mayo. Estuvo a cargo \u00a0de Docentes y estudiantes de las Pr\u00e1cticas docentes del Profesorado de Educaci\u00f3n Primaria. Adem\u00e1s colaboraron docentes de otras c\u00e1tedras e invitados especiales. En el acto se desarrollaron diversas \u00a0actividades, entre ellas, bailes y comida t\u00edpicas.<\/p>\n<p><img decoding=\"async\" loading=\"lazy\" class=\"alignnone size-full wp-image-1482\" src=\"https:\/\/ensviale-ers.infd.edu.ar\/sitio\/wp-content\/uploads\/2019\/06\/60999496_2855908817810148_7367299871188975616_n.jpg\" alt=\"\" width=\"960\" height=\"720\" srcset=\"https:\/\/ensviale-ers.infd.edu.ar\/sitio\/wp-content\/uploads\/2019\/06\/60999496_2855908817810148_7367299871188975616_n.jpg 960w, https:\/\/ensviale-ers.infd.edu.ar\/sitio\/wp-content\/uploads\/2019\/06\/60999496_2855908817810148_7367299871188975616_n-768x576.jpg 768w\" sizes=\"(max-width: 960px) 100vw, 960px\" \/> <img decoding=\"async\" loading=\"lazy\" class=\"alignnone size-full wp-image-1509\" src=\"https:\/\/ensviale-ers.infd.edu.ar\/sitio\/wp-content\/uploads\/2019\/06\/61747721_2855909471143416_120017951939100672_n-1.jpg\" alt=\"\" width=\"960\" height=\"720\" srcset=\"https:\/\/ensviale-ers.infd.edu.ar\/sitio\/wp-content\/uploads\/2019\/06\/61747721_2855909471143416_120017951939100672_n-1.jpg 960w, https:\/\/ensviale-ers.infd.edu.ar\/sitio\/wp-content\/uploads\/2019\/06\/61747721_2855909471143416_120017951939100672_n-1-768x576.jpg 768w\" sizes=\"(max-width: 960px) 100vw, 960px\" \/> <img decoding=\"async\" loading=\"lazy\" class=\"alignnone size-medium wp-image-1508\" src=\"https:\/\/ensviale-ers.infd.edu.ar\/sitio\/wp-content\/uploads\/2019\/06\/61584188_2855909004476796_4815067103738462208_n-1.jpg\" alt=\"\" width=\"960\" height=\"720\" srcset=\"https:\/\/ensviale-ers.infd.edu.ar\/sitio\/wp-content\/uploads\/2019\/06\/61584188_2855909004476796_4815067103738462208_n-1.jpg 960w, https:\/\/ensviale-ers.infd.edu.ar\/sitio\/wp-content\/uploads\/2019\/06\/61584188_2855909004476796_4815067103738462208_n-1-768x576.jpg 768w\" sizes=\"(max-width: 960px) 100vw, 960px\" \/> <img decoding=\"async\" loading=\"lazy\" class=\"alignnone size-medium wp-image-1507\" src=\"https:\/\/ensviale-ers.infd.edu.ar\/sitio\/wp-content\/uploads\/2019\/06\/61562039_2855908237810206_2017341113819463680_n-1.jpg\" alt=\"\" width=\"960\" height=\"540\" srcset=\"https:\/\/ensviale-ers.infd.edu.ar\/sitio\/wp-content\/uploads\/2019\/06\/61562039_2855908237810206_2017341113819463680_n-1.jpg 960w, https:\/\/ensviale-ers.infd.edu.ar\/sitio\/wp-content\/uploads\/2019\/06\/61562039_2855908237810206_2017341113819463680_n-1-768x432.jpg 768w\" sizes=\"(max-width: 960px) 100vw, 960px\" \/> <img decoding=\"async\" loading=\"lazy\" class=\"alignnone size-medium wp-image-1506\" src=\"https:\/\/ensviale-ers.infd.edu.ar\/sitio\/wp-content\/uploads\/2019\/06\/61558274_2855909931143370_672436589716045824_n-1.jpg\" alt=\"\" width=\"960\" height=\"720\" srcset=\"https:\/\/ensviale-ers.infd.edu.ar\/sitio\/wp-content\/uploads\/2019\/06\/61558274_2855909931143370_672436589716045824_n-1.jpg 960w, https:\/\/ensviale-ers.infd.edu.ar\/sitio\/wp-content\/uploads\/2019\/06\/61558274_2855909931143370_672436589716045824_n-1-768x576.jpg 768w\" sizes=\"(max-width: 960px) 100vw, 960px\" \/> <img decoding=\"async\" loading=\"lazy\" class=\"alignnone size-medium wp-image-1505\" src=\"https:\/\/ensviale-ers.infd.edu.ar\/sitio\/wp-content\/uploads\/2019\/06\/61517758_2855909834476713_5409691624923987968_n-1.jpg\" alt=\"\" width=\"960\" height=\"720\" srcset=\"https:\/\/ensviale-ers.infd.edu.ar\/sitio\/wp-content\/uploads\/2019\/06\/61517758_2855909834476713_5409691624923987968_n-1.jpg 960w, https:\/\/ensviale-ers.infd.edu.ar\/sitio\/wp-content\/uploads\/2019\/06\/61517758_2855909834476713_5409691624923987968_n-1-768x576.jpg 768w\" sizes=\"(max-width: 960px) 100vw, 960px\" \/> <img decoding=\"async\" loading=\"lazy\" class=\"alignnone size-medium wp-image-1504\" src=\"https:\/\/ensviale-ers.infd.edu.ar\/sitio\/wp-content\/uploads\/2019\/06\/61435156_2855909691143394_5729460959542509568_n-1.jpg\" alt=\"\" width=\"960\" height=\"720\" srcset=\"https:\/\/ensviale-ers.infd.edu.ar\/sitio\/wp-content\/uploads\/2019\/06\/61435156_2855909691143394_5729460959542509568_n-1.jpg 960w, https:\/\/ensviale-ers.infd.edu.ar\/sitio\/wp-content\/uploads\/2019\/06\/61435156_2855909691143394_5729460959542509568_n-1-768x576.jpg 768w\" sizes=\"(max-width: 960px) 100vw, 960px\" \/> <img decoding=\"async\" loading=\"lazy\" class=\"alignnone size-medium wp-image-1503\" src=\"https:\/\/ensviale-ers.infd.edu.ar\/sitio\/wp-content\/uploads\/2019\/06\/61346411_2855909754476721_2191929494292398080_n-1.jpg\" alt=\"\" width=\"960\" height=\"720\" srcset=\"https:\/\/ensviale-ers.infd.edu.ar\/sitio\/wp-content\/uploads\/2019\/06\/61346411_2855909754476721_2191929494292398080_n-1.jpg 960w, https:\/\/ensviale-ers.infd.edu.ar\/sitio\/wp-content\/uploads\/2019\/06\/61346411_2855909754476721_2191929494292398080_n-1-768x576.jpg 768w\" sizes=\"(max-width: 960px) 100vw, 960px\" \/> <img decoding=\"async\" loading=\"lazy\" class=\"alignnone size-medium wp-image-1501\" src=\"https:\/\/ensviale-ers.infd.edu.ar\/sitio\/wp-content\/uploads\/2019\/06\/61302504_2855909574476739_5344841222231949312_n-1.jpg\" alt=\"\" width=\"960\" height=\"720\" srcset=\"https:\/\/ensviale-ers.infd.edu.ar\/sitio\/wp-content\/uploads\/2019\/06\/61302504_2855909574476739_5344841222231949312_n-1.jpg 960w, https:\/\/ensviale-ers.infd.edu.ar\/sitio\/wp-content\/uploads\/2019\/06\/61302504_2855909574476739_5344841222231949312_n-1-768x576.jpg 768w\" sizes=\"(max-width: 960px) 100vw, 960px\" \/> <img decoding=\"async\" loading=\"lazy\" class=\"alignnone size-medium wp-image-1500\" src=\"https:\/\/ensviale-ers.infd.edu.ar\/sitio\/wp-content\/uploads\/2019\/06\/61290798_2855909071143456_7308458119154106368_n-1.jpg\" alt=\"\" width=\"960\" height=\"720\" srcset=\"https:\/\/ensviale-ers.infd.edu.ar\/sitio\/wp-content\/uploads\/2019\/06\/61290798_2855909071143456_7308458119154106368_n-1.jpg 960w, https:\/\/ensviale-ers.infd.edu.ar\/sitio\/wp-content\/uploads\/2019\/06\/61290798_2855909071143456_7308458119154106368_n-1-768x576.jpg 768w\" sizes=\"(max-width: 960px) 100vw, 960px\" \/> <img decoding=\"async\" loading=\"lazy\" class=\"alignnone size-medium wp-image-1499\" src=\"https:\/\/ensviale-ers.infd.edu.ar\/sitio\/wp-content\/uploads\/2019\/06\/61258779_2855908744476822_7124494065592172544_n-1.jpg\" alt=\"\" width=\"960\" height=\"720\" srcset=\"https:\/\/ensviale-ers.infd.edu.ar\/sitio\/wp-content\/uploads\/2019\/06\/61258779_2855908744476822_7124494065592172544_n-1.jpg 960w, https:\/\/ensviale-ers.infd.edu.ar\/sitio\/wp-content\/uploads\/2019\/06\/61258779_2855908744476822_7124494065592172544_n-1-768x576.jpg 768w\" sizes=\"(max-width: 960px) 100vw, 960px\" \/> <img decoding=\"async\" loading=\"lazy\" class=\"alignnone size-medium wp-image-1498\" src=\"https:\/\/ensviale-ers.infd.edu.ar\/sitio\/wp-content\/uploads\/2019\/06\/61168703_2855909241143439_810728553757802496_n-1.jpg\" alt=\"\" width=\"960\" height=\"720\" srcset=\"https:\/\/ensviale-ers.infd.edu.ar\/sitio\/wp-content\/uploads\/2019\/06\/61168703_2855909241143439_810728553757802496_n-1.jpg 960w, https:\/\/ensviale-ers.infd.edu.ar\/sitio\/wp-content\/uploads\/2019\/06\/61168703_2855909241143439_810728553757802496_n-1-768x576.jpg 768w\" sizes=\"(max-width: 960px) 100vw, 960px\" \/> <img decoding=\"async\" loading=\"lazy\" class=\"alignnone size-medium wp-image-1497\" src=\"https:\/\/ensviale-ers.infd.edu.ar\/sitio\/wp-content\/uploads\/2019\/06\/61168532_2855909377810092_6825925505590493184_n-1.jpg\" alt=\"\" width=\"960\" height=\"720\" srcset=\"https:\/\/ensviale-ers.infd.edu.ar\/sitio\/wp-content\/uploads\/2019\/06\/61168532_2855909377810092_6825925505590493184_n-1.jpg 960w, https:\/\/ensviale-ers.infd.edu.ar\/sitio\/wp-content\/uploads\/2019\/06\/61168532_2855909377810092_6825925505590493184_n-1-768x576.jpg 768w\" sizes=\"(max-width: 960px) 100vw, 960px\" \/> <img decoding=\"async\" loading=\"lazy\" class=\"alignnone size-medium wp-image-1496\" src=\"https:\/\/ensviale-ers.infd.edu.ar\/sitio\/wp-content\/uploads\/2019\/06\/61747721_2855909471143416_120017951939100672_n.jpg\" alt=\"\" width=\"960\" height=\"720\" srcset=\"https:\/\/ensviale-ers.infd.edu.ar\/sitio\/wp-content\/uploads\/2019\/06\/61747721_2855909471143416_120017951939100672_n.jpg 960w, https:\/\/ensviale-ers.infd.edu.ar\/sitio\/wp-content\/uploads\/2019\/06\/61747721_2855909471143416_120017951939100672_n-768x576.jpg 768w\" sizes=\"(max-width: 960px) 100vw, 960px\" \/> <img decoding=\"async\" loading=\"lazy\" class=\"alignnone size-medium wp-image-1495\" src=\"https:\/\/ensviale-ers.infd.edu.ar\/sitio\/wp-content\/uploads\/2019\/06\/61584188_2855909004476796_4815067103738462208_n.jpg\" alt=\"\" width=\"960\" height=\"720\" srcset=\"https:\/\/ensviale-ers.infd.edu.ar\/sitio\/wp-content\/uploads\/2019\/06\/61584188_2855909004476796_4815067103738462208_n.jpg 960w, https:\/\/ensviale-ers.infd.edu.ar\/sitio\/wp-content\/uploads\/2019\/06\/61584188_2855909004476796_4815067103738462208_n-768x576.jpg 768w\" sizes=\"(max-width: 960px) 100vw, 960px\" \/> <img decoding=\"async\" loading=\"lazy\" class=\"alignnone size-medium wp-image-1494\" src=\"https:\/\/ensviale-ers.infd.edu.ar\/sitio\/wp-content\/uploads\/2019\/06\/61562039_2855908237810206_2017341113819463680_n.jpg\" alt=\"\" width=\"960\" height=\"540\" srcset=\"https:\/\/ensviale-ers.infd.edu.ar\/sitio\/wp-content\/uploads\/2019\/06\/61562039_2855908237810206_2017341113819463680_n.jpg 960w, https:\/\/ensviale-ers.infd.edu.ar\/sitio\/wp-content\/uploads\/2019\/06\/61562039_2855908237810206_2017341113819463680_n-768x432.jpg 768w\" sizes=\"(max-width: 960px) 100vw, 960px\" \/> <img decoding=\"async\" loading=\"lazy\" class=\"alignnone size-medium wp-image-1493\" src=\"https:\/\/ensviale-ers.infd.edu.ar\/sitio\/wp-content\/uploads\/2019\/06\/61558274_2855909931143370_672436589716045824_n.jpg\" alt=\"\" width=\"960\" height=\"720\" srcset=\"https:\/\/ensviale-ers.infd.edu.ar\/sitio\/wp-content\/uploads\/2019\/06\/61558274_2855909931143370_672436589716045824_n.jpg 960w, https:\/\/ensviale-ers.infd.edu.ar\/sitio\/wp-content\/uploads\/2019\/06\/61558274_2855909931143370_672436589716045824_n-768x576.jpg 768w\" sizes=\"(max-width: 960px) 100vw, 960px\" \/> <img decoding=\"async\" loading=\"lazy\" class=\"alignnone size-medium wp-image-1492\" src=\"https:\/\/ensviale-ers.infd.edu.ar\/sitio\/wp-content\/uploads\/2019\/06\/61517758_2855909834476713_5409691624923987968_n.jpg\" alt=\"\" width=\"960\" height=\"720\" srcset=\"https:\/\/ensviale-ers.infd.edu.ar\/sitio\/wp-content\/uploads\/2019\/06\/61517758_2855909834476713_5409691624923987968_n.jpg 960w, https:\/\/ensviale-ers.infd.edu.ar\/sitio\/wp-content\/uploads\/2019\/06\/61517758_2855909834476713_5409691624923987968_n-768x576.jpg 768w\" sizes=\"(max-width: 960px) 100vw, 960px\" \/> <img decoding=\"async\" loading=\"lazy\" class=\"alignnone size-medium wp-image-1491\" src=\"https:\/\/ensviale-ers.infd.edu.ar\/sitio\/wp-content\/uploads\/2019\/06\/61435156_2855909691143394_5729460959542509568_n.jpg\" alt=\"\" width=\"960\" height=\"720\" srcset=\"https:\/\/ensviale-ers.infd.edu.ar\/sitio\/wp-content\/uploads\/2019\/06\/61435156_2855909691143394_5729460959542509568_n.jpg 960w, https:\/\/ensviale-ers.infd.edu.ar\/sitio\/wp-content\/uploads\/2019\/06\/61435156_2855909691143394_5729460959542509568_n-768x576.jpg 768w\" sizes=\"(max-width: 960px) 100vw, 960px\" \/> <img decoding=\"async\" loading=\"lazy\" class=\"alignnone size-medium wp-image-1490\" src=\"https:\/\/ensviale-ers.infd.edu.ar\/sitio\/wp-content\/uploads\/2019\/06\/61346411_2855909754476721_2191929494292398080_n.jpg\" alt=\"\" width=\"960\" height=\"720\" srcset=\"https:\/\/ensviale-ers.infd.edu.ar\/sitio\/wp-content\/uploads\/2019\/06\/61346411_2855909754476721_2191929494292398080_n.jpg 960w, https:\/\/ensviale-ers.infd.edu.ar\/sitio\/wp-content\/uploads\/2019\/06\/61346411_2855909754476721_2191929494292398080_n-768x576.jpg 768w\" sizes=\"(max-width: 960px) 100vw, 960px\" \/> <img decoding=\"async\" loading=\"lazy\" class=\"alignnone size-medium wp-image-1489\" src=\"https:\/\/ensviale-ers.infd.edu.ar\/sitio\/wp-content\/uploads\/2019\/06\/61302504_2855909574476739_5344841222231949312_n.jpg\" alt=\"\" width=\"960\" height=\"720\" srcset=\"https:\/\/ensviale-ers.infd.edu.ar\/sitio\/wp-content\/uploads\/2019\/06\/61302504_2855909574476739_5344841222231949312_n.jpg 960w, https:\/\/ensviale-ers.infd.edu.ar\/sitio\/wp-content\/uploads\/2019\/06\/61302504_2855909574476739_5344841222231949312_n-768x576.jpg 768w\" sizes=\"(max-width: 960px) 100vw, 960px\" \/> <img decoding=\"async\" loading=\"lazy\" class=\"alignnone size-medium wp-image-1488\" src=\"https:\/\/ensviale-ers.infd.edu.ar\/sitio\/wp-content\/uploads\/2019\/06\/61290798_2855909071143456_7308458119154106368_n.jpg\" alt=\"\" width=\"960\" height=\"720\" srcset=\"https:\/\/ensviale-ers.infd.edu.ar\/sitio\/wp-content\/uploads\/2019\/06\/61290798_2855909071143456_7308458119154106368_n.jpg 960w, https:\/\/ensviale-ers.infd.edu.ar\/sitio\/wp-content\/uploads\/2019\/06\/61290798_2855909071143456_7308458119154106368_n-768x576.jpg 768w\" sizes=\"(max-width: 960px) 100vw, 960px\" \/> <img decoding=\"async\" loading=\"lazy\" class=\"alignnone size-medium wp-image-1487\" src=\"https:\/\/ensviale-ers.infd.edu.ar\/sitio\/wp-content\/uploads\/2019\/06\/61258779_2855908744476822_7124494065592172544_n.jpg\" alt=\"\" width=\"960\" height=\"720\" srcset=\"https:\/\/ensviale-ers.infd.edu.ar\/sitio\/wp-content\/uploads\/2019\/06\/61258779_2855908744476822_7124494065592172544_n.jpg 960w, https:\/\/ensviale-ers.infd.edu.ar\/sitio\/wp-content\/uploads\/2019\/06\/61258779_2855908744476822_7124494065592172544_n-768x576.jpg 768w\" sizes=\"(max-width: 960px) 100vw, 960px\" \/> <img decoding=\"async\" loading=\"lazy\" class=\"alignnone size-medium wp-image-1486\" src=\"https:\/\/ensviale-ers.infd.edu.ar\/sitio\/wp-content\/uploads\/2019\/06\/61168703_2855909241143439_810728553757802496_n.jpg\" alt=\"\" width=\"960\" height=\"720\" srcset=\"https:\/\/ensviale-ers.infd.edu.ar\/sitio\/wp-content\/uploads\/2019\/06\/61168703_2855909241143439_810728553757802496_n.jpg 960w, https:\/\/ensviale-ers.infd.edu.ar\/sitio\/wp-content\/uploads\/2019\/06\/61168703_2855909241143439_810728553757802496_n-768x576.jpg 768w\" sizes=\"(max-width: 960px) 100vw, 960px\" \/> <img decoding=\"async\" loading=\"lazy\" class=\"alignnone size-medium wp-image-1485\" src=\"https:\/\/ensviale-ers.infd.edu.ar\/sitio\/wp-content\/uploads\/2019\/06\/61168532_2855909377810092_6825925505590493184_n.jpg\" alt=\"\" width=\"960\" height=\"720\" srcset=\"https:\/\/ensviale-ers.infd.edu.ar\/sitio\/wp-content\/uploads\/2019\/06\/61168532_2855909377810092_6825925505590493184_n.jpg 960w, https:\/\/ensviale-ers.infd.edu.ar\/sitio\/wp-content\/uploads\/2019\/06\/61168532_2855909377810092_6825925505590493184_n-768x576.jpg 768w\" sizes=\"(max-width: 960px) 100vw, 960px\" \/> <img decoding=\"async\" loading=\"lazy\" class=\"alignnone size-medium wp-image-1484\" src=\"https:\/\/ensviale-ers.infd.edu.ar\/sitio\/wp-content\/uploads\/2019\/06\/61167213_2855908924476804_3641184303301263360_n.jpg\" alt=\"\" width=\"960\" height=\"720\" srcset=\"https:\/\/ensviale-ers.infd.edu.ar\/sitio\/wp-content\/uploads\/2019\/06\/61167213_2855908924476804_3641184303301263360_n.jpg 960w, https:\/\/ensviale-ers.infd.edu.ar\/sitio\/wp-content\/uploads\/2019\/06\/61167213_2855908924476804_3641184303301263360_n-768x576.jpg 768w\" sizes=\"(max-width: 960px) 100vw, 960px\" \/> <img decoding=\"async\" loading=\"lazy\" class=\"alignnone size-medium wp-image-1483\" src=\"https:\/\/ensviale-ers.infd.edu.ar\/sitio\/wp-content\/uploads\/2019\/06\/61105831_2855909157810114_361377831025901568_n.jpg\" alt=\"\" width=\"960\" height=\"720\" srcset=\"https:\/\/ensviale-ers.infd.edu.ar\/sitio\/wp-content\/uploads\/2019\/06\/61105831_2855909157810114_361377831025901568_n.jpg 960w, https:\/\/ensviale-ers.infd.edu.ar\/sitio\/wp-content\/uploads\/2019\/06\/61105831_2855909157810114_361377831025901568_n-768x576.jpg 768w\" sizes=\"(max-width: 960px) 100vw, 960px\" \/><\/p>\n<p style=\"text-align: justify;\">El d\u00eda viernes 16 de Septiembre se conmemor\u00f3 el d\u00eda de Profesor. El acto a cargo de los estudiantes de 4\u00b0 A\u00f1o de los Profesorado de Primaria y Profesorado de Biolog\u00eda fue realizado en el Sal\u00f3n de la ENS V Viale.<\/p>\n<p style=\"text-align: justify;\">Al finalizar el acto, pudimos compartir estudiantes y docentes gracias a la Cantina a cargo del Centro de Estudiantes.<\/p>\n<p style=\"text-align: justify;\">Desde Rector\u00eda queremos agradecer a los estudiantes, que nos hicieron pasar un muy buen momento.<\/p>\n<p style=\"text-align: justify;\">Saludo para todos los que participaron, y para todos los docentes que d\u00eda a d\u00eda com parten esta hermosa profesi\u00f3n que es la docencia.<\/p>\n<p style=\"text-align: justify;\">Hermoso Tel\u00f3n producto de 4\u00b0 Biolog\u00eda, Felicitaciones: Hermoso.<\/p>\n<p style=\"text-align: justify;\"><img decoding=\"async\" loading=\"lazy\" style=\"vertical-align: middle;\" src=\"https:\/\/ensviale-ers.infd.edu.ar\/aula\/archivos\/repositorio\/500\/502\/IMG_docentes-acto-telon-festejo.jpg\" alt=\"\" width=\"492\" height=\"277\" border=\"0\" \/><\/p>\n<p>Foto de Docentes y estudiantes despu\u00e9s del festejo.<\/p>\n<p><img decoding=\"async\" loading=\"lazy\" style=\"vertical-align: middle;\" src=\"https:\/\/ensviale-ers.infd.edu.ar\/aula\/archivos\/repositorio\/500\/503\/IMG-docentes-acto-1.jpg\" alt=\"\" width=\"483\" height=\"272\" border=\"0\" \/><\/p>\n<p><img decoding=\"async\" loading=\"lazy\" style=\"vertical-align: middle;\" src=\"https:\/\/ensviale-ers.infd.edu.ar\/aula\/archivos\/repositorio\/500\/504\/IMG-docentes-acto.jpg\" alt=\"\" width=\"490\" height=\"276\" border=\"0\" \/><\/p>\n","protected":false},"excerpt":{"rendered":"<p>ACTOS ESCOLARES 2022 24 de marzo D\u00eda Nacional de la Memoria, por la Verdad y la Justicia ACTOS ESCOLARES 2021 20 de junio: En este d\u00eda se honra al creador de la Bandera Nacional, Manuel\u00a0 Belgrano, quien el 20 de junio de 1820, en Buenos Aires paso a la inmortalidad. La bandera fue creada el &#8230; <a title=\"ACTOS\" class=\"read-more\" href=\"https:\/\/ensviale-ers.infd.edu.ar\/sitio\/actos\/\" aria-label=\"More on ACTOS\">[+]<\/a><\/p>\n","protected":false},"author":15,"featured_media":0,"parent":0,"menu_order":0,"comment_status":"closed","ping_status":"closed","template":"","meta":[],"acf":[],"_links":{"self":[{"href":"https:\/\/ensviale-ers.infd.edu.ar\/sitio\/wp-json\/wp\/v2\/pages\/818"}],"collection":[{"href":"https:\/\/ensviale-ers.infd.edu.ar\/sitio\/wp-json\/wp\/v2\/pages"}],"about":[{"href":"https:\/\/ensviale-ers.infd.edu.ar\/sitio\/wp-json\/wp\/v2\/types\/page"}],"author":[{"embeddable":true,"href":"https:\/\/ensviale-ers.infd.edu.ar\/sitio\/wp-json\/wp\/v2\/users\/15"}],"replies":[{"embeddable":true,"href":"https:\/\/ensviale-ers.infd.edu.ar\/sitio\/wp-json\/wp\/v2\/comments?post=818"}],"version-history":[{"count":6,"href":"https:\/\/ensviale-ers.infd.edu.ar\/sitio\/wp-json\/wp\/v2\/pages\/818\/revisions"}],"predecessor-version":[{"id":5476,"href":"https:\/\/ensviale-ers.infd.edu.ar\/sitio\/wp-json\/wp\/v2\/pages\/818\/revisions\/5476"}],"wp:attachment":[{"href":"https:\/\/ensviale-ers.infd.edu.ar\/sitio\/wp-json\/wp\/v2\/media?parent=818"}],"curies":[{"name":"wp","href":"https:\/\/api.w.org\/{rel}","templated":true}]}}